{"id":132,"date":"2013-07-29T11:32:46","date_gmt":"2013-07-29T09:32:46","guid":{"rendered":"http:\/\/kudanarhiv.org\/?page_id=132"},"modified":"2013-07-29T19:12:38","modified_gmt":"2013-07-29T17:12:38","slug":"skratova-filmska-sola","status":"publish","type":"page","link":"http:\/\/kudanarhiv.org\/?page_id=132","title":{"rendered":"\u0160kratova filmska \u0161ola"},"content":{"rendered":"<p><a href=\"http:\/\/fimuthe.org\/\">\u0160kratova filmska \u0161ola<\/a> (v letih 2010 in 2009 \u0161e pod imenom \u0160kratova filmska mala \u0161ola) je ve\u010dplasten, interaktiven projekt, ki s prepletom teoreti\u010dne in prakti\u010dne razse\u017enosti filmskega medija skozi predavanja mladih predavateljic in predavateljev, premi\u0161ljeno organizacijo delavnic, ki so vselej oblikovane tako, da na ustvarjalen na\u010din spodbujajo premi\u0161ljevanje in ustvarjanje na izbrano\u00a0 osrednjo\u00a0 temo, (vsako leto se izbere nova tema), udele\u017eenke in udele\u017eence opremlja z raznovrstnimi znanji filmskega jezika, filmske teorije, pa tudi njenega stikanja s \u0161ir\u0161im humanisti\u010dno-dru\u017eboslovnim horizontom.<\/p>\n<p>\u0160kratova filmska \u0161ola je nedvomno \u017ee prepoznana v \u0161ir\u0161i in strokovni javnosti. 2012 je bila povabljena k sodelovanju s strani MSUM, v letu 2011 smo bili izredno veseli povabila k sodelovanju s strani Knji\u017enice \u0160i\u0161ka\u00a0(enota Mestne knji\u017enice). \u00a0V treh letih smo izdali (v letih 2010, 2011, 2012) tudi 3 zbornike, ki so\u00a0dosegljivi\u00a0 v vseh ve\u010djih knji\u017enicah, pa tudi na svetovnem spletu. Najdete jih<a href=\"http:\/\/fimuthe.org\/index.php?def=objava&amp;id=54\"> tukaj<\/a>, <a href=\"http:\/\/fimuthe.org\/index.php?def=objava&amp;id=39\">tukaj <\/a>in<a href=\"http:\/\/www.ljudmila.org\/anarhiv\/filmska\/\"> tukaj<\/a>.<\/p>\n<p>V letu 2010 smo posneli tudi kratek film z naslovom<a href=\"http:\/\/vimeo.com\/18300749\"> Izrezi praznine,<\/a> v letu\u00a0 2011 pa smo zagnali tudi eksperimentalno platformo\u00a0<a href=\"http:\/\/fimuthe.org\/index.php?q=ov\"> Odprti Video<\/a>, ki jo je zasnoval Andrej Toma\u017ein.<\/p>\n<p>V \u0161tirih letih smo organizirali 30 visoko kakovostnih teoretskih predavanj (zadnje smo tudi neposredno prena\u0161ali na svetovni splet) obetajo\u010dih \u0161tudentk in \u0161tudentov, pa tudi ve\u010d delavnic, med katerimi naj izpostavimo vsaj delavnico filmskega pisanja, ki je rezultirala v \u00a0izdaji 3 zbornikov, pa delavnico snemanja ter izjemno odmevno delavnico filmskega podnaslavljanja, ki jo je v intervjuju za Radio \u0160tudent predstavila Jelena Miklo\u0161, mentorica delavnice. Intervjuju lahko prisluhnite<a href=\"http:\/\/www.radiostudent.si\/kultura\/temna-zvezda\/demokrati%C4%8Dnost-in-emancipatori%C4%8Dnost-filmskega-medija\"> tukaj<\/a>.<\/p>\n<p>Trenutno je \u0160kratova filmska \u0161ola na po\u010ditnicah, na\u010drti za prihodnost pa so \u0161e kako \u017eivi. Ve\u010d o njih boste izvedeli prav kmalu.<\/p>\n<p>Med tem pa vas vljudno vabimo, da nam sledite na profilu <a href=\"https:\/\/www.facebook.com\/pages\/%C5%A0kratova-filmska-%C5%A1ola\/365615240666\">Facebook \u0160kratove filmske \u0161ole<\/a>, da prebirate na\u0161e zbornike (zborniki iz leta 2012 so \u0161e na voljo, \u010de \u017eelite svoj izvod, nam pi\u0161ite na email\u00a0skratovacital(at)gmail.com, za Nino Cvar) ali pa da prisluhnete \u0161tevilnim predavanjem, ki so se zvrstila v letih 2009 in 2012. Najdete jih\u00a0<a href=\"http:\/\/fimuthe.org\/\">tukaj<\/a>,<a href=\"http:\/\/www.ljudmila.org\/anarhiv\/filmska\/\"> tukaj<\/a> in <a href=\"http:\/\/skratovfilm.blogspot.com\/\">tukaj<\/a>.<\/p>\n","protected":false},"excerpt":{"rendered":"<p>\u0160kratova filmska \u0161ola (v letih 2010 in 2009 \u0161e pod imenom \u0160kratova filmska mala \u0161ola) je ve\u010dplasten, interaktiven projekt, ki s prepletom teoreti\u010dne in prakti\u010dne razse\u017enosti filmskega medija skozi predavanja mladih predavateljic in predavateljev, premi\u0161ljeno organizacijo delavnic, ki so vselej oblikovane tako, da na ustvarjalen na\u010din spodbujajo premi\u0161ljevanje in ustvarjanje na izbrano\u00a0 osrednjo\u00a0 temo, (vsako [&hellip;]<\/p>\n","protected":false},"author":2,"featured_media":0,"parent":0,"menu_order":0,"comment_status":"closed","ping_status":"closed","template":"","meta":{"footnotes":""},"class_list":["post-132","page","type-page","status-publish","hentry"],"_links":{"self":[{"href":"http:\/\/kudanarhiv.org\/index.php?rest_route=\/wp\/v2\/pages\/132","targetHints":{"allow":["GET"]}}],"collection":[{"href":"http:\/\/kudanarhiv.org\/index.php?rest_route=\/wp\/v2\/pages"}],"about":[{"href":"http:\/\/kudanarhiv.org\/index.php?rest_route=\/wp\/v2\/types\/page"}],"author":[{"embeddable":true,"href":"http:\/\/kudanarhiv.org\/index.php?rest_route=\/wp\/v2\/users\/2"}],"replies":[{"embeddable":true,"href":"http:\/\/kudanarhiv.org\/index.php?rest_route=%2Fwp%2Fv2%2Fcomments&post=132"}],"version-history":[{"count":8,"href":"http:\/\/kudanarhiv.org\/index.php?rest_route=\/wp\/v2\/pages\/132\/revisions"}],"predecessor-version":[{"id":139,"href":"http:\/\/kudanarhiv.org\/index.php?rest_route=\/wp\/v2\/pages\/132\/revisions\/139"}],"wp:attachment":[{"href":"http:\/\/kudanarhiv.org\/index.php?rest_route=%2Fwp%2Fv2%2Fmedia&parent=132"}],"curies":[{"name":"wp","href":"https:\/\/api.w.org\/{rel}","templated":true}]}}