{"id":27,"date":"2013-05-05T13:38:32","date_gmt":"2013-05-05T13:38:32","guid":{"rendered":"http:\/\/kudanarhiv.org\/skratki\/?page_id=27"},"modified":"2013-07-05T11:43:39","modified_gmt":"2013-07-05T09:43:39","slug":"kdo-smo","status":"publish","type":"page","link":"http:\/\/kudanarhiv.org\/skratki\/?page_id=27","title":{"rendered":"Kdo smo"},"content":{"rendered":"<p>Kulturno umetni\u0161ko dru\u0161tvo Anarhiv je bilo ustanovljeno februarja 1999, po tem, ko smo se sodelujo\u010di pri projektu \u0160kratove \u010citalnice odlo\u010dili, da bi radi delovanje slednje izbolj\u0161ali in raz\u0161irili, poleg tega pa se lotili \u0161e drugih polj dejavnosti v okviru osvobodilnih (emancipatornih) dru\u017ebenih gibanj.<\/p>\n<p>KUD Anarhiv nadgrajuje in poglablja smernice, ki smo si jih zadali \u017ee ob splavitvi projekta \u0160kratove \u010citalnice \u2013 omogo\u010diti mladim (\u0161e posebno \u0161tudentom), a tudi ostali zainteresirani javnosti dostop do izjemno raznolikega gradiva, ki je bodisi na aktivisti\u010dni, bodisi na teoreti\u010dni ravni povezano z emancipatornimi (osvobodilnimi) dru\u017ebenimi gibanji \u2013 anarhizmom, feminizmom, ekologizmom, anti-militarizmom, anti-nacionalizmom, anti-rasizmom, itd.<\/p>\n<p>Poleg informativno-posredni\u0161ke vloge ter sodelovanja z drugimi dru\u0161tvi in iniciativami kompatibilnih aspiracij, Kud Anarhiv redno organizira razli\u010dne projekte, dejavnosti in ustvarjalne aktivnosti, ki vklju\u010dujejo predstavitve, predavanja, delavnice na Metelkovi kot v drugih dovzetnih institucijah svobodomiselne kulture.<\/p>\n<p>Na\u0161 cilj je spodbujati mlade in \u0161tudente, da se izven formalnih izobra\u017eevalnih institucij neformalno izobra\u017eujejo, predvsem pa, da se jim da prilo\u017enost ustvarjalnega delovanja, razvijanja kriti\u010dnega mi\u0161ljenja, spodbujanja samoiniciativnosti in \u0161tudentskih pobud oziroma pobud mladih, zaradi \u010desar se Kud Anarhiv predstavlja kot dru\u0161tvo, ki budno spremlja aktualne procese v dru\u017ebi, saj so mladi (ve\u010dinoma \u0161tudentska populacija) tisti, ki predlagajo projektne vsebine in jih kot take tudi sami izvajajo.<\/p>\n<p>Na\u0161 cilj je med drugim tudi omogo\u010diti, da je ve\u010dina na\u0161ih aktivnosti javno dostopna tudi po njihovem uradnem zaklju\u010dku, kar pomeni, da dru\u0161tvo \u0161e posebno spodbuja izdelovanje zbornikov in drugih publikacij, v \u010dasu novih tehnologij, pa tudi poslu\u017eevanje \u00a0novih medijev.<\/p>\n<p>V preteklosti smo med drugim organizirali kar nekaj projektov, namenjenih na\u0161im najmlaj\u0161im, pa tudi mladostnikom. Naj jih na\u0161tejemo le nekaj: \u0160kratova domovalnica, (P)Ro\u017ena mladina &#8211; projekt za mlade na podro\u010dju zaposlovanja, Dru\u017eba, to sem jaz, \u0160kratova filmska \u0161ola, \u0160krat \u010citalko spo(za)znava svet, REVOLUCIJA AKCIJA z Estelo in Gillesom: delavnica o u\u017eitnih rastlinah v mestu ipd.<\/p>\n<p>Ve\u010d o na\u0161ih projektih \u00a0na <a href=\"http:\/\/www.ljudmila.org\/anarhiv\/index.html\">http:\/\/www.ljudmila.org\/anarhiv\/index.html<\/a>, <a href=\"http:\/\/fimuthe.org\/\">http:\/\/fimuthe.org\/<\/a>, <a href=\"http:\/\/www.druzbatosemjaz.si\/\">http:\/\/www.druzbatosemjaz.si\/<\/a> itd.<\/p>\n<p>&nbsp;<\/p>\n<p>Nina Cvar: vodja projekta \u0160kratova \u010citalnica za najmlaj\u0161e, PR, organizacija, razpisi<\/p>\n<p>Barbara Drole: vodja projekta \u0160kratova \u010citalnica za najmlaj\u0161e, organizacija, digitalno ogla\u0161evanje, razpisi<\/p>\n<p>Ana Jereb: predsednica dru\u0161tva, razpisi<\/p>\n<p>Tit Podobnik: oblikovanje in izdelava spletne strani, oblikovanje bro\u0161ure, tehni\u010dni sodelavec<\/p>\n<p>Mojca Cvar: prostovoljka, pomo\u010d na delavnicah, delo z otroki<\/p>\n<p>&nbsp;<\/p>\n<p>Sodelovanje z drugimi organizacijami:<\/p>\n<p>Moderna galerija Ljubljana (MSUM), YHD \u2013 Dru\u0161tvo za teorijo in kulturo hendikepa, KUD Mre\u017ea<\/p>\n","protected":false},"excerpt":{"rendered":"<p>Kulturno umetni\u0161ko dru\u0161tvo Anarhiv je bilo ustanovljeno februarja 1999, po tem, ko smo se sodelujo\u010di pri projektu \u0160kratove \u010citalnice odlo\u010dili, da bi radi delovanje slednje izbolj\u0161ali in raz\u0161irili, poleg tega pa se lotili \u0161e drugih polj dejavnosti v okviru osvobodilnih (emancipatornih) dru\u017ebenih gibanj. KUD Anarhiv nadgrajuje in poglablja smernice, ki smo si jih zadali \u017ee&#8230;<br \/><a class=\"more-link\" href=\"http:\/\/kudanarhiv.org\/skratki\/?page_id=27\">Continue reading &raquo;<\/a><\/p>\n","protected":false},"author":1,"featured_media":0,"parent":0,"menu_order":0,"comment_status":"closed","ping_status":"closed","template":"","meta":{"footnotes":""},"_links":{"self":[{"href":"http:\/\/kudanarhiv.org\/skratki\/index.php?rest_route=\/wp\/v2\/pages\/27"}],"collection":[{"href":"http:\/\/kudanarhiv.org\/skratki\/index.php?rest_route=\/wp\/v2\/pages"}],"about":[{"href":"http:\/\/kudanarhiv.org\/skratki\/index.php?rest_route=\/wp\/v2\/types\/page"}],"author":[{"embeddable":true,"href":"http:\/\/kudanarhiv.org\/skratki\/index.php?rest_route=\/wp\/v2\/users\/1"}],"replies":[{"embeddable":true,"href":"http:\/\/kudanarhiv.org\/skratki\/index.php?rest_route=%2Fwp%2Fv2%2Fcomments&post=27"}],"version-history":[{"count":10,"href":"http:\/\/kudanarhiv.org\/skratki\/index.php?rest_route=\/wp\/v2\/pages\/27\/revisions"}],"predecessor-version":[{"id":55,"href":"http:\/\/kudanarhiv.org\/skratki\/index.php?rest_route=\/wp\/v2\/pages\/27\/revisions\/55"}],"wp:attachment":[{"href":"http:\/\/kudanarhiv.org\/skratki\/index.php?rest_route=%2Fwp%2Fv2%2Fmedia&parent=27"}],"curies":[{"name":"wp","href":"https:\/\/api.w.org\/{rel}","templated":true}]}}

<p>Kulturno umetniško društvo Anarhiv je bilo ustanovljeno februarja 1999, po tem, ko smo se sodelujoči pri projektu Škratove Čitalnice odločili, da bi radi delovanje slednje izboljšali in razširili, poleg tega pa se lotili še drugih polj dejavnosti v okviru osvobodilnih (emancipatornih) družbenih gibanj.</p>
<p>KUD Anarhiv nadgrajuje in poglablja smernice, ki smo si jih zadali že ob splavitvi projekta Škratove Čitalnice – omogočiti mladim (še posebno študentom), a tudi ostali zainteresirani javnosti dostop do izjemno raznolikega gradiva, ki je bodisi na aktivistični, bodisi na teoretični ravni povezano z emancipatornimi (osvobodilnimi) družbenimi gibanji – anarhizmom, feminizmom, ekologizmom, anti-militarizmom, anti-nacionalizmom, anti-rasizmom, itd.</p>
<p>Poleg informativno-posredniške vloge ter sodelovanja z drugimi društvi in iniciativami kompatibilnih aspiracij, Kud Anarhiv redno organizira različne projekte, dejavnosti in ustvarjalne aktivnosti, ki vključujejo predstavitve, predavanja, delavnice na Metelkovi kot v drugih dovzetnih institucijah svobodomiselne kulture.</p>
<p>Naš cilj je spodbujati mlade in študente, da se izven formalnih izobraževalnih institucij neformalno izobražujejo, predvsem pa, da se jim da priložnost ustvarjalnega delovanja, razvijanja kritičnega mišljenja, spodbujanja samoiniciativnosti in študentskih pobud oziroma pobud mladih, zaradi česar se Kud Anarhiv predstavlja kot društvo, ki budno spremlja aktualne procese v družbi, saj so mladi (večinoma študentska populacija) tisti, ki predlagajo projektne vsebine in jih kot take tudi sami izvajajo.</p>
<p>Naš cilj je med drugim tudi omogočiti, da je večina naših aktivnosti javno dostopna tudi po njihovem uradnem zaključku, kar pomeni, da društvo še posebno spodbuja izdelovanje zbornikov in drugih publikacij, v času novih tehnologij, pa tudi posluževanje  novih medijev.</p>
<p>V preteklosti smo med drugim organizirali kar nekaj projektov, namenjenih našim najmlajšim, pa tudi mladostnikom. Naj jih naštejemo le nekaj: Škratova domovalnica, (P)Rožna mladina &#8211; projekt za mlade na področju zaposlovanja, Družba, to sem jaz, Škratova filmska šola, Škrat Čitalko spo(za)znava svet, REVOLUCIJA AKCIJA z Estelo in Gillesom: delavnica o užitnih rastlinah v mestu ipd.</p>
<p>Več o naših projektih  na <a href="http://www.ljudmila.org/anarhiv/index.html">http://www.ljudmila.org/anarhiv/index.html</a>, <a href="http://fimuthe.org/">http://fimuthe.org/</a>, <a href="http://www.druzbatosemjaz.si/">http://www.druzbatosemjaz.si/</a> itd.</p>
<p>&nbsp;</p>
<p>Nina Cvar: vodja projekta Škratova Čitalnica za najmlajše, PR, organizacija, razpisi</p>
<p>Barbara Drole: vodja projekta Škratova Čitalnica za najmlajše, organizacija, digitalno oglaševanje, razpisi</p>
<p>Ana Jereb: predsednica društva, razpisi</p>
<p>Tit Podobnik: oblikovanje in izdelava spletne strani, oblikovanje brošure, tehnični sodelavec</p>
<p>Mojca Cvar: prostovoljka, pomoč na delavnicah, delo z otroki</p>
<p>&nbsp;</p>
<p>Sodelovanje z drugimi organizacijami:</p>
<p>Moderna galerija Ljubljana (MSUM), YHD – Društvo za teorijo in kulturo hendikepa, KUD Mreža</p>

<p>Kulturno umetniško društvo Anarhiv je bilo ustanovljeno februarja 1999, po tem, ko smo se sodelujoči pri projektu Škratove Čitalnice odločili, da bi radi delovanje slednje izboljšali in razširili, poleg tega pa se lotili še drugih polj dejavnosti v okviru osvobodilnih (emancipatornih) družbenih gibanj. KUD Anarhiv nadgrajuje in poglablja smernice, ki smo si jih zadali že&#8230;<br /><a class="more-link" href="http://kudanarhiv.org/skratki/?page_id=27">Continue reading &raquo;</a></p>
