{"id":2,"date":"2013-05-02T17:26:56","date_gmt":"2013-05-02T17:26:56","guid":{"rendered":"http:\/\/kudanarhiv.org\/?page_id=2"},"modified":"2020-12-21T16:04:15","modified_gmt":"2020-12-21T15:04:15","slug":"sample-page","status":"publish","type":"page","link":"https:\/\/kudanarhiv.org\/?page_id=2","title":{"rendered":"\u0160kratova \u010ditalnica"},"content":{"rendered":"<p><strong>\u0160KRATOVA \u010cITALNICA je<\/strong><\/p>\n<ul>\n<li>edinstvena, zalo\u017eena s knjigami s podro\u010dij dru\u017ebene kriti\u010dne misli, aktivizma, filozofije, ekologije, filma, feministi\u010dne teorije in akcije in vsebin, ki nastajajo znotraj avtonomnih zalo\u017eb,<\/li>\n<li>namenjena vsem, ki jih tovrstne vsebine zanimajo, jih \u017eelijo vklju\u010devati v prakse vsakdanjega \u017eivljenja in aktiviranja ali pa se \u017eelijo z njimi spoznati kar tako,<\/li>\n<li>knji\u017enica, kjer si \u0161tevilno gradivo lahko izposodite, lahko ga izberete za izhodi\u0161\u010de debatne skupine, ki jo boste v okviru \u0160kratovih mese\u010dnih ciklov samoiniciativno vodili in izpeljali, lahko pa vam slu\u017ei kot \u0161tudijska literatura ali raz\u0161iritev znanj, ki ste jih pridobili v okviru na\u0161ih drugih projektov,<\/li>\n<li>prostor, ki spodbuja avtonomno delovanje in podpira lastne iniciative po realizaciji mnogih idej, ki se vam porodijo s \u0161tevilnih podro\u010dij, ki jih pokrivamo,<\/li>\n<li>so delavnice, predavanja, izobra\u017eevanja, informiranja, bralni kro\u017eki, ki se nana\u0161ajo na vsebine, ki jih hranimo v na\u0161i \u010ditalnici, brezpla\u010dni te\u010daji tujih jezikov,<\/li>\n<li>skupina \u0161kratinj in \u0161kratov, ki smo med vami in \u010de nas pocukate za rokav, vas z veseljem sprejmemo medse!<\/li>\n<\/ul>\n<p><strong>\u0160kratova \u010ditalnica ni<\/strong><\/p>\n<ul>\n<li>prostor, ki bi toleriral nestrpnosti do razlik, ki temeljijo na spolu, spolni usmerjenosti, razredu, etniji, rasi in vseh drugih kategorijah in oznakah, identitetah po katerih se ljudje razlikujemo in ki nas bogatijo v svoji pestrosti,<\/li>\n<li>prostor izklju\u010devanja!<\/li>\n<\/ul>\n<p><strong>Kdo smo?<\/strong><\/p>\n<p>\u0160kratinje in \u0161kratje, ki vas skoraj vsak dan, med torkom in petkom od 16.00 do 20.00 z velikim navdu\u0161enjem \u010dakamo v na\u0161ih prostorih in katere lahko povpra\u0161ate po \u0161tevilnih knjigah in nasvetih za dobro branje.<\/p>\n<p><em><strong>Kje to\u010dno najde\u0161 \u0160kratovo \u010ditalnico?<\/strong><\/em><\/p>\n<p>V 3. nadstropju <strong>Trga prekomorskih brigad 1<\/strong> v Ljubljani, med poletjem pa se sre\u010dujemo tudi v \u0160kratovem busu na \u0160kratovem vrtu, ob prej napovednih terminih.<\/p>\n<p><strong>In kako se vam lahko pridru\u017eim?<\/strong><\/p>\n<ul>\n<li>z obiskom v \u0160kratovi \u010ditalnici \u2026<\/li>\n<li>bazo gradiv lahko najde\u0161 tudi na spletu v \u0160kratovi biblioteki (<a href=\"http:\/\/kudanarhiv.org\/sc\/\">http:\/\/kudanarhiv.org\/sc\/<\/a>) \u2026<\/li>\n<li>s poslanim e-mailom na skratovacital(at)gmail.com \u2026<\/li>\n<li>naro\u010di\u0161 se lahko na \u0160kratov mese\u010dni obve\u0161\u010devalnik, tako da nam pi\u0161e\u0161 na skratovacital(at)gmail.com<\/li>\n<li>sledi\u0161 nam lahko na Facebooku \u2026(\u0160kratova \u010ditalnica &#8211; KUD Anarhiv),<\/li>\n<li>poleg \u010ditalnice v okviru \u0160kratove \u010ditalnice izvajamo \u0161e t.i. \u0160kratovo info to\u010dko (ki je del L&#8217;mit), filmske, literarne,\u00a0pogovorne ve\u010dere, okrogle mize, usposabljanja, jezikovne te\u010daje in \u0161e mnogo, mnogo ve\u010d \u2026<\/li>\n<\/ul>\n<p><strong>Zakaj \u0161kratinje in \u0161kratje?<\/strong><\/p>\n<p>&#8230; ker so \u0161kratinje in \u0161krati nagajivi, a tudi vedo\u017eeljni, kriti\u010dni, subverzivni, transgresivni. Pojavijo se nenadoma, ko pa se pojavijo, prekucnejo, kar je potrebno prekucniti &#8230; \u0160kratinje in \u0161krati smo vsi: otroci, mladi in mladi po srcu &#8230;<\/p>\n<p style=\"text-align: center;\"><em><strong>Se vidimo!\u00a0<\/strong><\/em><\/p>\n","protected":false},"excerpt":{"rendered":"<p>\u0160KRATOVA \u010cITALNICA je edinstvena, zalo\u017eena s knjigami s podro\u010dij dru\u017ebene kriti\u010dne misli, aktivizma, filozofije, ekologije, filma, feministi\u010dne teorije in akcije in vsebin, ki nastajajo znotraj avtonomnih zalo\u017eb, namenjena vsem, ki jih tovrstne vsebine zanimajo, jih \u017eelijo vklju\u010devati v prakse vsakdanjega \u017eivljenja in aktiviranja ali pa se \u017eelijo z njimi spoznati kar tako, knji\u017enica, kjer si [&hellip;]<\/p>\n","protected":false},"author":7,"featured_media":0,"parent":0,"menu_order":0,"comment_status":"closed","ping_status":"closed","template":"","meta":{"footnotes":""},"class_list":["post-2","page","type-page","status-publish","hentry"],"_links":{"self":[{"href":"https:\/\/kudanarhiv.org\/index.php?rest_route=\/wp\/v2\/pages\/2","targetHints":{"allow":["GET"]}}],"collection":[{"href":"https:\/\/kudanarhiv.org\/index.php?rest_route=\/wp\/v2\/pages"}],"about":[{"href":"https:\/\/kudanarhiv.org\/index.php?rest_route=\/wp\/v2\/types\/page"}],"author":[{"embeddable":true,"href":"https:\/\/kudanarhiv.org\/index.php?rest_route=\/wp\/v2\/users\/7"}],"replies":[{"embeddable":true,"href":"https:\/\/kudanarhiv.org\/index.php?rest_route=%2Fwp%2Fv2%2Fcomments&post=2"}],"version-history":[{"count":13,"href":"https:\/\/kudanarhiv.org\/index.php?rest_route=\/wp\/v2\/pages\/2\/revisions"}],"predecessor-version":[{"id":2777,"href":"https:\/\/kudanarhiv.org\/index.php?rest_route=\/wp\/v2\/pages\/2\/revisions\/2777"}],"wp:attachment":[{"href":"https:\/\/kudanarhiv.org\/index.php?rest_route=%2Fwp%2Fv2%2Fmedia&parent=2"}],"curies":[{"name":"wp","href":"https:\/\/api.w.org\/{rel}","templated":true}]}}

Škratova čitalnica

<p><strong>ŠKRATOVA ČITALNICA je</strong></p>
<ul>
<li>edinstvena, založena s knjigami s področij družbene kritične misli, aktivizma, filozofije, ekologije, filma, feministične teorije in akcije in vsebin, ki nastajajo znotraj avtonomnih založb,</li>
<li>namenjena vsem, ki jih tovrstne vsebine zanimajo, jih želijo vključevati v prakse vsakdanjega življenja in aktiviranja ali pa se želijo z njimi spoznati kar tako,</li>
<li>knjižnica, kjer si številno gradivo lahko izposodite, lahko ga izberete za izhodišče debatne skupine, ki jo boste v okviru Škratovih mesečnih ciklov samoiniciativno vodili in izpeljali, lahko pa vam služi kot študijska literatura ali razširitev znanj, ki ste jih pridobili v okviru naših drugih projektov,</li>
<li>prostor, ki spodbuja avtonomno delovanje in podpira lastne iniciative po realizaciji mnogih idej, ki se vam porodijo s številnih področij, ki jih pokrivamo,</li>
<li>so delavnice, predavanja, izobraževanja, informiranja, bralni krožki, ki se nanašajo na vsebine, ki jih hranimo v naši čitalnici, brezplačni tečaji tujih jezikov,</li>
<li>skupina škratinj in škratov, ki smo med vami in če nas pocukate za rokav, vas z veseljem sprejmemo medse!</li>
</ul>
<p><strong>Škratova čitalnica ni</strong></p>
<ul>
<li>prostor, ki bi toleriral nestrpnosti do razlik, ki temeljijo na spolu, spolni usmerjenosti, razredu, etniji, rasi in vseh drugih kategorijah in oznakah, identitetah po katerih se ljudje razlikujemo in ki nas bogatijo v svoji pestrosti,</li>
<li>prostor izključevanja!</li>
</ul>
<p><strong>Kdo smo?</strong></p>
<p>Škratinje in škratje, ki vas skoraj vsak dan, med torkom in petkom od 16.00 do 20.00 z velikim navdušenjem čakamo v naših prostorih in katere lahko povprašate po številnih knjigah in nasvetih za dobro branje.</p>
<p><em><strong>Kje točno najdeš Škratovo čitalnico?</strong></em></p>
<p>V 3. nadstropju <strong>Trga prekomorskih brigad 1</strong> v Ljubljani, med poletjem pa se srečujemo tudi v Škratovem busu na Škratovem vrtu, ob prej napovednih terminih.</p>
<p><strong>In kako se vam lahko pridružim?</strong></p>
<ul>
<li>z obiskom v Škratovi čitalnici …</li>
<li>bazo gradiv lahko najdeš tudi na spletu v Škratovi biblioteki (<a href="http://kudanarhiv.org/sc/">http://kudanarhiv.org/sc/</a>) …</li>
<li>s poslanim e-mailom na skratovacital(at)gmail.com …</li>
<li>naročiš se lahko na Škratov mesečni obveščevalnik, tako da nam pišeš na skratovacital(at)gmail.com</li>
<li>slediš nam lahko na Facebooku …(Škratova čitalnica &#8211; KUD Anarhiv),</li>
<li>poleg čitalnice v okviru Škratove čitalnice izvajamo še t.i. Škratovo info točko (ki je del L&#8217;mit), filmske, literarne, pogovorne večere, okrogle mize, usposabljanja, jezikovne tečaje in še mnogo, mnogo več …</li>
</ul>
<p><strong>Zakaj škratinje in škratje?</strong></p>
<p>&#8230; ker so škratinje in škrati nagajivi, a tudi vedoželjni, kritični, subverzivni, transgresivni. Pojavijo se nenadoma, ko pa se pojavijo, prekucnejo, kar je potrebno prekucniti &#8230; Škratinje in škrati smo vsi: otroci, mladi in mladi po srcu &#8230;</p>
<p style="text-align: center;"><em><strong>Se vidimo! </strong></em></p>

<p>ŠKRATOVA ČITALNICA je edinstvena, založena s knjigami s področij družbene kritične misli, aktivizma, filozofije, ekologije, filma, feministične teorije in akcije in vsebin, ki nastajajo znotraj avtonomnih založb, namenjena vsem, ki jih tovrstne vsebine zanimajo, jih želijo vključevati v prakse vsakdanjega življenja in aktiviranja ali pa se želijo z njimi spoznati kar tako, knjižnica, kjer si [&hellip;]</p>
